361 = 4*o. Calculate the remainder when i is divided by 14.
13
Let q = 39 - 25. Calculate the remainder when 24 is divided by q.
10
Let m = 4 - -3. Let s(w) = w**3 + 4*w**2 - 3*w. Let u be s(-5). Let b = u - -15. What is the remainder when m is divided by b?
2
Suppose 14 = 3*i - i. Let n(o) = o**2 - 6*o + 2. Let q be n(6). Suppose q*p = -0*p + 6. Calculate the remainder when i is divided by p.
1
Calculate the remainder when 78 is divided by (-6)/(-312)*8 - 698/(-26).
24
Let w(a) = -a**2 + 15*a - 4. What is the remainder when w(7) is divided by 18?
16
Let s(z) be the second derivative of z**5/20 + 5*z**4/12 - 4*z**3/3 + z**2/2 + 4*z. What is the remainder when s(-6) is divided by 8?
5
Let m = -80 + 145. Let g = 29 + -7. What is the remainder when m is divided by g?
21
Suppose -5*n - 2*h = 16, 0 = -3*n - 0*h + 4*h - 20. Calculate the remainder when (40/15)/(n/(-6)) is divided by 3.
1
Let i = 19 + 9. Let u = i + 5. Calculate the remainder when u is divided by 12.
9
Let d(h) be the first derivative of h**2/2 - 3*h - 2. Let o = -7 - -12. What is the remainder when o is divided by d(6)?
2
Let x = 124 + -98. Calculate the remainder when x is divided by (1*-2)/(6/(-21)).
5
Calculate the remainder when 164 is divided by 32 + 0 - -4*(-1)/1.
24
Let h = 11 + 36. Suppose 14 = -3*p + h. What is the remainder when 39 is divided by p?
6
Suppose 0 = -t - t + 10. Suppose -4*u - 4*i + 42 - 14 = 0, -t*u + 53 = -4*i. What is the remainder when u is divided by 6?
3
Suppose 7*m = 3*m + 120. Let f(c) be the third derivative of c**4/24 + c**3 + c**2. Calculate the remainder when m is divided by f(10).
14
Suppose -5*t = 4*g - 37, -3*g + 0*t = 5*t - 29. Suppose 3*x + 95 = g*x. Let z(n) = -n**3 - 6*n**2 + 7. What is the remainder when z(-7) is divided by x?
18
Suppose -4*u + 320 = 6*u. Suppose 3*p = 7*p - 68. Calculate the remainder when u is divided by p.
15
Let j = 9 - 5. Suppose -8 = 2*t - j*t. What is the remainder when 7 is divided by t?
3
What is the remainder when 82 is divided by 156/7 - 36/126?
16
Let q = 86 + -11. Calculate the remainder when q is divided by 27.
21
Let h(l) = -7*l**3 - 8*l - 6. Calculate the remainder when h(-2) is divided by 13.
1
Let s = -17 + 20. Let o = 0 + 6. Calculate the remainder when 15 is divided by s/(-2*o/(-32)).
7
Suppose y - 3 = 29. Let h = -4 - -2. Calculate the remainder when y is divided by 84/8 + (-1)/h.
10
Suppose -4*n - n + 80 = 0. Let p(x) = -x**2 + 62. What is the remainder when p(0) is divided by n?
14
Suppose 5*a = 15, 0 = 3*x - x - 5*a - 43. Suppose m = -3*v + 1, -4*m + m = -4*v - x. Calculate the remainder when 17 is divided by m.
3
Let b = -8 + 0. Calculate the remainder when (-3 - -3) + (-1 - b) is divided by 5.
2
Let t = 0 + -5. What is the remainder when (-1)/2 - (-156)/8 is divided by ((-1)/3)/(t/105)?
5
Let i(l) = -l**2 + 3*l + 19. Calculate the remainder when 40 is divided by i(5).
4
Let b = 2 - 2. Let y be (10/(-4) + 2)*b. Suppose 0 = -y*l - 5*l + 70. What is the remainder when 26 is divided by l?
12
Let z = 19 + -17. Suppose -n = 2*n - 21. Calculate the remainder when n is divided by z.
1
Suppose 5*t - 270 = -t. Calculate the remainder when t is divided by (-63)/(-4) - 1/(-4).
13
Suppose 4*r - 5*z + 35 = 105, r - 3*z = 21. Let o(n) = -2*n. Calculate the remainder when r is divided by o(-4).
7
Let p(o) = 3*o**2 + 4*o + 7. What is the remainder when p(-3) is divided by 5?
2
Suppose 0 = 2*n - 2*a - 2, n = 3*n + 4*a - 32. Let c = 33 - 22. What is the remainder when c is divided by n?
5
Suppose 4*t - 3*t - 9 = 0. Let x = t - 3. What is the remainder when 10 is divided by x?
4
Let b = -1 - -5. Suppose -b*s - 81 = -7*s. What is the remainder when s is divided by 14?
13
Suppose 9*y - 126 = 288. Suppose 31 + 29 = 5*k. Calculate the remainder when y is divided by k.
10
Let l be (-18)/2*(-5)/(-3). Let x = 32 + l. What is the remainder when x is divided by -1*(2 + -12) + -1?
8
Let z(c) = 5*c**2 - 13*c + 14. Calculate the remainder when z(4) is divided by 24.
18
Calculate the remainder when (-34)/(-2) - (-1 - -1) is divided by 4/6*189/14.
8
Let s(b) = b - 2. Suppose -4 = -4*h - l + 12, 0 = 4*h + 5*l. Calculate the remainder when s(9) is divided by h.
2
Let b = 102 - 56. Calculate the remainder when b is divided by 16.
14
Suppose 2*g - g = 0. Let x = g - 1. Let w = 8 + x. What is the remainder when 19 is divided by w?
5
Let l be (-1)/4 - 315/20. Let t be (-126)/(-4) + (-1)/(-2). Let d = l + t. Calculate the remainder when 31 is divided by d.
15
Let h(d) = -4*d + 1. What is the remainder when h(-10) is divided by 22?
19
Let f(t) = -t**3 + 6*t**2 + 8*t + 7. Let h(j) = -27*j**3 - j**2 - 2*j - 1. Calculate the remainder when h(-1) is divided by f(7).
13
Suppose 0 = -2*x + 5*x - 33. Calculate the remainder when x is divided by 7.
4
Let a be -3*6/4*-2. Suppose 26 + a = 5*h. Calculate the remainder when 20 is divided by h.
6
Suppose 0 = -y + 3*y. Let v = y - -1. Calculate the remainder when 34 is divided by -12*(1 + v + -3).
10
Let l be (-3)/(-6) - 118/(-4). Let q = l + -21. Let d(s) = s**3 - 5*s**2 + 4*s + 6. What is the remainder when d(5) is divided by q?
8
Suppose 0 = -5*z - 2*a + 507, 0 = 4*z + 2*a - 309 - 95. Let t(m) = m**3 + 9*m**2 + 6*m - 10. What is the remainder when z is divided by t(-3)?
25
Suppose 47 = -a + 101. What is the remainder when a is divided by (-4)/14 + (-405)/(-21)?
16
Let u be (-1)/(-3) + 10/6. Suppose -5*z = -3*g + 55, u*z + 33 = 3*g - 7. What is the remainder when 18 is divided by g?
8
Let r = -20 + 38. Suppose 5*h - r = -w + 6, w - 2*h = -4. Suppose 5*l = w*o - 70, -2*o - 2*l + 29 = 3. Calculate the remainder when 29 is divided by o.
14
Let h be ((-8)/12)/(4/(-18)). Let t(n) = 3*n**3 - 3*n**2 - 5*n + 4. Let z be t(h). Suppose -3*w - 4 + z = 0. What is the remainder when 37 is divided by w?
11
Let w(u) = u**3 - 7*u**2 + 5*u + 7. Calculate the remainder when 1 is divided by w(6).
0
Let l = -25 + 52. Suppose 3*t = l + 33. What is the remainder when t is divided by 11?
9
Suppose 56 = 4*x - f + 2*f, 0 = 3*x - 5*f - 19. What is the remainder when 17 is divided by x?
4
Suppose 0 = -2*d, -4*b - 4*d + 32 = -8. Let p = -3 + b. What is the remainder when 18 is divided by p?
4
Suppose 306 = 2*r + 4*w, 0*r = -2*r + 5*w + 315. What is the remainder when r is divided by 52?
51
Suppose -f = -26 + 7. What is the remainder when 74 is divided by f?
17
Suppose -3*p + 1 = -8. What is the remainder when 31 is divided by p?
1
Let n = -32 + 56. Calculate the remainder when n is divided by 9.
6
Let j(t) = -t**2 - t - 2. Let z be j(2). What is the remainder when 35 is divided by (-150)/z + (-2)/(-8)?
16
Let i be (-5)/(0 - (-3)/(-9)). Suppose -3*m = -0*m + i. Let p(w) = -w**3 - 3*w**2 + 6*w + 2. What is the remainder when p(m) is divided by 8?
6
Suppose 2*p + 2*q = 3*p - 42, -3*p + 105 = q. What is the remainder when p is divided by 13?
10
Let g = -134 + 153. Calculate the remainder when 37 is divided by g.
18
Let i(w) = 15*w - 9. Calculate the remainder when i(5) is divided by 14.
10
Suppose -2*i = i - 3*v - 21, -3*i = -v - 27. Calculate the remainder when 39 is divided by i.
9
Suppose -4 = -4*n + 8. Let s = n + 19. What is the remainder when s is divided by (-2 - 2) + (13 - 3)?
4
Let r(z) = -2*z - 1. Let u be (2 + -2 + 1)*1. Suppose -2*y = -2*x + 4, -x = 5*y - u - 1. Calculate the remainder when r(-2) is divided by x.
1
Let d(z) = 7*z**3 - 3*z + 3. Let a be d(2). Let b = a + -28. Calculate the remainder when b is divided by (9/2)/((-2)/(-4)).
7
Suppose 2*f = 5*f - 12. Calculate the remainder when 9 is divided by f.
1
Suppose 10 = 5*o - 3*o. Suppose -3*k - s = -24, -o*s = -2*k - 0*s - 1. What is the remainder when (-294)/(-24) - (-1)/(-4) is divided by k?
5
Let o = -1 - -5. Suppose -4*d + 154 = -0*d + 3*b, 0 = 2*b + o. Calculate the remainder when d is divided by 14.
12
Suppose -q + 19 + 29 = 0. Let r = -19 + q. Let t(s) = -s**3 + 6*s**2 - 3*s. Calculate the remainder when r is divided by t(5).
9
Suppose 6*m - 5*m - 12 = 0. Calculate the remainder when 22 is divided by m.
10
Let x(d) = d**3 - 9*d**2 + 2*d - 5. Suppose 5*r + 3*b - 45 = 0, 2*r + 3*r - 45 = 5*b. Calculate the remainder when 51 is divided by x(r).
12
Let f = 2 - -5. Let y = 22 + -10. Calculate the remainder when y is divided by f.
5
Let r = -28 + 45. Let c = 